3?
6
What is the ten thousands digit of 101535777?
3
What is the ten thousands digit of 1567867580?
6
What is the hundred thousands digit of 384499568?
4
What is the units digit of 34344040?
0
What is the hundred thousands digit of 193177943?
1
What is the hundreds digit of 3721393011?
0
What is the ten millions digit of 4232672772?
3
What is the units digit of 3288289574?
4
What is the ten millions digit of 863994875?
6
What is the thousands digit of 5087113?
7
What is the ten thousands digit of 3787608459?
0
What is the hundred millions digit of 2687330980?
6
What is the ten millions digit of 57252244?
5
What is the units digit of 115401922?
2
What is the tens digit of 169889793?
9
What is the thousands digit of 120082712?
2
What is the millions digit of 416848497?
6
What is the thousands digit of 415992608?
2
What is the hundred millions digit of 480213325?
4
What is the ten millions digit of 2750384023?
5
What is the hundred thousands digit of 260939644?
9
What is the tens digit of 120041081?
8
What is the hundreds digit of 657647714?
7
What is the billions digit of 1290042236?
1
What is the units digit of 139639975?
5
What is the millions digit of 129991157?
9
What is the hundreds digit of 918929270?
2
What is the hundred thousands digit of 174085072?
0
What is the hundred thousands digit of 388061440?
0
What is the units digit of 298864547?
7
What is the thousands digit of 580915701?
5
What is the thousands digit of 243112486?
2
What is the ten thousands digit of 967926722?
2
What is the thousands digit of 1045350581?
0
What is the ten millions digit of 89615095?
8
What is the millions digit of 2898308249?
8
What is the units digit of 190751707?
7
What is the ten thousands digit of 81197056?
9
What is the hundred millions digit of 985167577?
9
What is the tens digit of 67575595?
9
What is the ten millions digit of 27640364?
2
What is the hundred thousands digit of 12121826?
1
What is the units digit of 5497579949?
9
What is the units digit of 43793573?
3
What is the billions digit of 1575044016?
1
What is the ten thousands digit of 5219974?
1
What is the tens digit of 19004814?
1
What is the thousands digit of 190759244?
9
What is the ten millions digit of 23761938?
2
What is the hundreds digit of 21975733?
7
What is the tens digit of 994821306?
0
What is the tens digit of 100963170?
7
What is the billions digit of 1358945145?
1
What is the units digit of 85462781?
1
What is the units digit of 203395236?
6
What is the thousands digit of 60514758?
4
What is the millions digit of 59985896?
9
What is the ten millions digit of 373682627?
7
What is the units digit of 1051640110?
0
What is the ten millions digit of 7138743200?
3
What is the hundreds digit of 2425277304?
3
What is the units digit of 212250720?
0
What is the tens digit of 217282336?
3
What is the millions digit of 197723634?
7
What is the tens digit of 317565761?
6
What is the units digit of 132470370?
0
What is the ten thousands digit of 18968591?
6
What is the ten millions digit of 2631714554?
3
What is the billions digit of 5064968451?
5
What is the hundreds digit of 124614299?
2
What is the millions digit of 56740306?
6
What is the thousands digit of 175657708?
7
What is the hundred thousands digit of 5822246893?
2
What is the units digit of 127103371?
1
What is the hundred thousands digit of 394254327?
2
What is the ten millions digit of 42871530?
4
What is the units digit of 237721716?
6
What is the tens digit of 545574498?
9
What is the millions digit of 137362871?
7
What is the hundreds digit of 5275973804?
8
What is the hundreds digit of 1026341252?
2
What is the tens digit of 207615421?
2
What is the hundred millions digit of 3488918382?
4
What is the ten millions digit of 647345616?
4
What is the hundred thousands digit of 12051920?
0
What is the units digit of 57513028?
8
What is the hundred millions digit of 135574880?
1
What is the hundred millions digit of 1483549114?
4
What is the tens digit of 49081292?
9
What is the ten millions digit of 1882993141?
8
What is the ten millions digit of 442885641?
4
What is the ten millions digit of 54978161?
5
What is the hundreds digit of 150837018?
0
What is the ten thousands digit of 5950191?
5
What is the thousands digit of 11121476?
1
What is the ten millions digit of 26380117?
2
What is the ten millions digit of 253933922?
5
What is the millions digit of 212446240?
2
What is the hundred millions digit of 218287157?
2
What is the tens digit of 2337575018?
1
What is the tens digit of 1232451446?
4
What is the ten millions digit of 1404575389?
0
What is the ten millions digit of 27986691?
2
What is the ten thousands digit of 4422955574?
5
What is the tens digit of 120703131?
3
What is the hundred millions digit of 238239141?
2
What is the tens digit of 1280704307?
0
What is the tens digit of 79366607?
0
What is the billions digit of 4190133128?
4
What is the millions digit of 55249593?
5
What is the billions digit of 1012624713?
1
What is the ten millions digit of 716653891?
1
What is the hundreds digit of 4069109996?
9
What is the hundreds digit of 37790165?
1
What is the ten thousands digit of 42118338?
1
What is the tens digit of 63323994?
9
What is the ten thousands digit of 310848147?
4
What is the millions digit of 1894962934?
4
What is the millions digit of 351415781?
1
What is the hundred thousands digit of 100955554?
9
What is the units digit of 154087489?
9
What is the hundreds digit of 7629463630?
6
What is the millions digit of 748242299?
8
What is the thousands digit of 809136508?
6
What is the units digit of 216722046?
6
What is the hundred thousands digit of 13876061?
8
What is the units digit of 1822295796?
6
What is the ten thousands digit of 2258827040?
2
What is the hundred millions digit of 841567052?
8
What is the billions digit of 1380997910?
1
What is the billions digit of 2877756796?
2
What is the hundred thousands digit of 400607158?
6
What is the thousands digit of 87475284?
5
What is the ten millions digit of 125258210?
2
What is the ten millions digit of 60448630?
6
What is the ten thousands digit of 2364895215?
9
What is the millions digit of 39484566?
9
What is the millions digit of 3456316332?
6
What is the millions digit of 280741354?
0
What is the millions digit of 47004424?
7
What is the thousands digit of 10069711?
9
What is the ten millions digit of 18930430?
1
What is the hundreds digit of 62856817?
8
What is the tens digit of 2254232315?
1
What is the thousands digit of 39893195?
3
What is the hundred thousands digit of 36782369?
7
What is the thousands digit of 81294041?
4
What is the ten thousands digit of 533627672?
2
What is the thousands digit of 54718903?
8
What is the millions digit of 31933353?
1
What is the hundreds digit of 114308027?
0
What is the thousands digit of 55674843?
4
What is the tens digit of 492145038?
3
What is the hundreds digit of 893568009?
0
What is the thousands digit of 1208379795?
9
What is the ten millions digit of 4425188180?
2
What is the hundred thousands digit of 53590901?
5
What is the ten thousands digit of 258457098?
5
What is the ten thousands digit of 85351103?
5
What is the hundred thousands digit of 582557824?
5
What is the tens digit of 88756850?
5
What is the millions digit of 7725978?
7
What is the hundreds digit of 7055256?
2
What is the units digit of 40355862?
2
What is the ten thousands digit of 657727433?
2
What is the ten thousands digit of 47423996?
2
What is the thousands digit of 30630625?
0
What is the billions digit of 7576353495?
7
What is the hundreds digit of 107582039?
0
What is the hundred thousands digit of 598551412?
5
What is the tens digit of 26897633?
3
What is the millions digit of 185293458?
5
What is the ten thousands digit of 992019957?
1
What is the thousands digit of 53891148?
1
What is the ten millions digit of 3531280829?
3
What is the ten thousands digit of 99765991?
6
What is the thousands digit of 397150274?
0
What is the billions digit of 4553596608?
4
What is the tens digit of 2167025?
2
What is the ten thousands digit of 49563352?
6
What is the billions digit of 5700695557?
5
What is the ten thousands digit of 66240739?
4
What is the units digit of 582434596?
6
What is the ten thousands digit of 39278176